MONTHLY CLIMATOLOGICAL SUMMARY for MAR. 2017

NAME:    CITY:  STATE: 
ELEV:  LAT:  LONG: 

                            TEMPERATURE ( C), RAIN (mm), WIND SPEED (kmh)

                                               HEAT     COOL           AVG
      MEAN                                     DEG      DEG            WIND                       DOM
DAY   TEMP    HIGH   TIME     LOW    TIME      DAYS     DAYS    RAIN   SPEED    HIGH    TIME      DIR
----------------------------------------------------------------------------------------------------------------------------------------------------------
01    16.4    19.8   14:23    14.7   00:00     01.9     00.0    02.0   10.2     31.4    11:22     ENE
02    16.7    20.3   15:25    14.1   05:29     01.6     00.0    00.4   10.1     42.5    09:08      E 
03    16.6    21.1   13:57    14.2   06:19     01.7     00.0    00.0   07.1     29.6    06:13      E 
04    17.3    20.4   14:13    15.4   07:59     01.0     00.0    00.2   06.4     31.4    09:09      E 
05    17.8    22.7   13:22    14.4   06:19     00.5     00.0    00.8   08.4     31.4    05:31     ENE
06    16.5    18.6   12:44    15.4   06:42     01.8     00.0    04.2   07.9     29.6    20:46     ENE
07    16.6    18.5   16:34    15.4   07:52     01.7     00.0    03.8   08.6     31.4    08:06     ENE
08    15.8    18.3   15:45    14.2   23:59     02.5     00.0    00.0   07.7     27.8    07:31     ENE
09    16.6    21.0   12:35    14.2   00:01     01.7     00.0    01.2   05.9     22.2    23:39     ENE
10    17.7    22.2   16:15    15.6   01:07     00.6     00.0    00.0   04.6     25.9    08:57      E 
11    18.5    24.3   15:41    16.3   08:23     00.0     00.2    00.0   04.5     24.1    04:47      E 
12    18.5    23.8   14:46    15.7   00:00     00.0     00.2    00.0   04.1     22.2    00:15      E 
13    17.3    22.2   14:50    14.8   05:40     01.0     00.0    00.0   05.2     22.2    03:47     ENE
14    17.4    22.1   13:17    14.6   01:06     00.9     00.0    00.0   06.7     27.8    00:42     ENE
15    17.1    21.7   16:02    13.9   06:04     01.2     00.0    00.0   06.3     25.9    21:39     ENE
16    16.8    21.7   15:07    14.1   05:30     01.5     00.0    00.0   08.2     24.1    20:09     ENE
17    16.7    22.0   14:11    13.7   04:14     01.6     00.0    00.0   08.1     24.1    10:21     ENE
18    16.1    22.6   12:52    12.3   06:05     02.2     00.0    00.0   06.7     27.8    19:14      NE
19    16.6    20.5   13:15    12.7   04:23     01.7     00.0    00.0   05.3     24.1    06:16     ENE
20    18.7    23.5   12:24    14.9   03:54     00.0     00.4    00.0   04.5     18.5    19:33     ENE
21    18.0    21.8   11:47    14.8   06:44     00.3     00.0    00.0   04.7     24.1    17:07     ENE
22    18.9    23.1   14:55    15.1   04:30     00.0     00.6    00.0   03.2     18.5    09:58      E 
23    19.1    21.2   16:39    17.7   07:35     00.0     00.8    00.2   02.3     18.5    09:49     ESE
24    18.1    22.3   14:08    16.3   20:28     00.2     00.0    09.8   04.4     29.6    16:25      NE
25    18.8    23.8   15:45    16.3   04:16     00.0     00.5    00.0   03.2     22.2    04:31     ENE
26    19.4    25.1   15:10    16.2   05:51     00.0     01.1    00.0   02.4     18.5    12:25     ESE
----------------------------------------------------------------------------------------------------------------------------------------------------------
17.5 (18.3)   25.2  day 27     12.3  day 18   025.6    003.8   022.6   06.0     42.6   day 02     ENE
Min <=   30: 26
Max Rain: 9.8 ON 24-03-17
Days of Rain: 9 (> .2mm) 3 (> 2mm) 0 (> 20mm)