MONTHLY CLIMATOLOGICAL SUMMARY for SEP. 2018

NAME:    CITY:  STATE: 
ELEV:  LAT:  LONG: 

                            TEMPERATURE ( C), RAIN (mm), WIND SPEED (kmh)

                                               HEAT     COOL           AVG
      MEAN                                     DEG      DEG            WIND                       DOM
DAY   TEMP    HIGH   TIME     LOW    TIME      DAYS     DAYS    RAIN   SPEED    HIGH    TIME      DIR
----------------------------------------------------------------------------------------------------------------------------------------------------------
01    19.5    24.8   11:22    16.1   06:46     00.0     01.2    00.0   04.5     24.1    04:50     ENE
02    19.2    24.2   15:45    15.9   05:41     00.0     00.9    00.0   03.3     24.1    02:11      SE
03    19.6    25.1   15:35    16.8   05:35     00.0     01.3    00.0   02.6     18.5    22:19     SSE
04    17.8    20.3   12:36    16.8   04:03     00.5     00.0    01.2   02.6     16.6    15:49     ESE
05    18.6    21.9   13:17    16.4   23:49     00.0     00.3    00.6   01.1     18.5    11:18      SE
06    17.3    21.4   12:00    15.7   05:18     01.0     00.0    02.6   00.8     16.6    10:57      SE
07    17.3    19.9   10:08    15.9   19:17     01.0     00.0    00.0   01.4     16.6    11:08     SSE
08    19.8    23.8   10:31    16.6   04:17     00.0     01.5    00.0   01.6     18.5    14:58     SSW
09    20.1    25.1   13:49    16.4   06:02     00.0     01.8    00.0   01.3     18.5    16:04      S 
10    19.4    24.9   13:49    16.1   05:26     00.0     01.1    07.4   02.1     20.4    14:04      SE
11    19.5    24.3   14:52    15.7   06:53     00.0     01.2    00.0   02.6     20.4    12:14      SE
12    19.4    23.7   13:58    16.5   04:02     00.0     01.1    00.0   03.3     22.2    19:12     ENE
13    19.9    24.2   10:58    16.6   01:05     00.0     01.6    00.0   02.3     18.5    12:11     ENE
14    20.1    25.1   13:32    16.9   05:35     00.0     01.8    00.0   01.9     18.5    11:34      S 
15    19.0    23.6   14:23    15.9   07:45     00.0     00.7    21.2   01.2     20.4    20:58     SSE
16    19.3    22.7   11:53    17.3   06:23     00.0     01.0    00.8   01.0     18.5    11:24     SSE
17    18.2    22.9   13:56    15.9   04:05     00.1     00.0    26.4   07.9     40.7    00:18     ENE
----------------------------------------------------------------------------------------------------------------------------------------------------------
19.1 (19.9)   25.1  day 14     15.7  day 11   002.6    015.4   060.4   02.4     40.7   day 17     ESE
Min <=   30: 17
Max Rain: 26.4 ON 17-09-18
Days of Rain: 7 (> .2mm) 4 (> 2mm) 2 (> 20mm)