MONTHLY CLIMATOLOGICAL SUMMARY for MAY. 2018

NAME:    CITY:  STATE: 
ELEV:  LAT:  LONG: 

                            TEMPERATURE ( C), RAIN (mm), WIND SPEED (kmh)

                                               HEAT     COOL           AVG
      MEAN                                     DEG      DEG            WIND                       DOM
DAY   TEMP    HIGH   TIME     LOW    TIME      DAYS     DAYS    RAIN   SPEED    HIGH    TIME      DIR
----------------------------------------------------------------------------------------------------------------------------------------------------------
01    19.2    24.3   15:12    16.2   07:25     00.0     00.9    00.0   03.8     25.9    04:44      E 
02    19.6    24.8   16:38    16.8   05:13     00.0     01.3    00.6   02.1     20.4    08:45      SE
03    18.5    21.2   17:23    16.9   06:13     00.0     00.2    01.6   02.0     20.4    05:49     ESE
04    19.2    24.2   15:22    16.8   03:29     00.0     00.9    00.2   01.9     22.2    12:35      SE
05    19.5    22.1   13:42    16.8   03:39     00.0     01.2    03.4   03.0     22.2    12:11     ESE
06    19.1    22.8   14:06    15.8   03:30     00.0     00.8    00.0   03.7     22.2    10:18     ESE
07    18.7    23.3   14:20    16.3   04:13     00.0     00.4    00.0   02.3     18.5    14:47      E 
08    18.6    22.2   15:23    16.3   06:38     00.0     00.3    00.0   03.0     16.6    20:20     ESE
09    19.4    24.6   13:45    16.4   04:23     00.0     01.1    00.0   02.8     20.4    15:26     ESE
10    18.5    23.1   15:18    16.2   06:32     00.0     00.2    00.4   04.1     20.4    05:33      E 
11    19.4    24.7   15:00    16.6   06:20     00.0     01.1    00.2   04.3     24.1    09:41      E 
12    19.5    24.9   13:45    16.1   08:00     00.0     01.2    00.0   06.3     25.9    23:34      E 
13    19.4    25.4   15:58    16.3   07:04     00.0     01.1    00.0   04.7     25.9    00:28      E 
14    18.8    24.7   14:46    16.9   06:33     00.0     00.5    02.2   04.8     22.2    08:29      E 
15    18.9    24.6   14:51    16.4   06:04     00.0     00.6    00.4   02.6     25.9    16:57     ESE
16    18.8    24.2   14:46    15.8   05:28     00.0     00.5    00.0   04.4     25.9    07:16      E 
17    19.2    24.7   15:55    15.2   06:47     00.0     00.9    00.0   04.1     20.4    07:59      E 
18    18.5    23.8   15:17    15.1   04:12     00.0     00.2    00.0   03.6     25.9    02:32     ENE
19    19.7    25.3   14:14    15.9   04:05     00.0     01.4    03.8   03.3     22.2    22:59      E 
20    20.0    24.9   13:52    16.6   06:25     00.0     01.7    00.0   05.5     24.1    08:20      E 
21    18.8    22.3   14:29    17.1   07:01     00.0     00.5    05.2   03.9     20.4    02:41      E 
22    19.0    22.8   15:19    16.7   06:57     00.0     00.7    00.0   03.1     20.4    22:46      E 
23    19.6    24.8   15:09    16.4   04:15     00.0     01.3    00.0   04.5     27.8    05:01     ESE
24    19.7    24.6   16:20    16.8   06:33     00.0     01.4    00.0   03.1     18.5    15:08     ESE
----------------------------------------------------------------------------------------------------------------------------------------------------------
19.2 (20.1)   25.4  day 13     15.1  day 18   000.0    020.5   018.0   03.6     27.8   day 20      E 
Min <=   30: 24
Max Rain: 5.2 ON 21-05-18
Days of Rain: 10 (> .2mm) 4 (> 2mm) 0 (> 20mm)