MONTHLY CLIMATOLOGICAL SUMMARY for JUL. 2018

NAME:    CITY:  STATE: 
ELEV:  LAT:  LONG: 

                            TEMPERATURE ( C), RAIN (mm), WIND SPEED (kmh)

                                               HEAT     COOL           AVG
      MEAN                                     DEG      DEG            WIND                       DOM
DAY   TEMP    HIGH   TIME     LOW    TIME      DAYS     DAYS    RAIN   SPEED    HIGH    TIME      DIR
----------------------------------------------------------------------------------------------------------------------------------------------------------
01    17.6    18.9   18:59    16.8   08:33     00.7     00.0    19.0   03.9     31.4    03:15      E 
02    17.8    19.8   18:03    16.6   06:46     00.5     00.0    01.6   05.0     31.4    01:37      E 
03    18.4    23.6   15:04    15.9   05:42     00.0     00.1    00.0   04.5     20.4    05:28      E 
04    18.3    22.2   15:03    16.4   06:23     00.0     00.0    13.0   06.1     25.9    23:39      E 
05    18.1    22.1   15:22    15.8   22:19     00.2     00.0    00.0   06.4     25.9    10:22      E 
06    17.9    22.3   15:55    15.6   05:54     00.4     00.0    00.4   04.7     22.2    23:33      E 
07    18.6    23.3   15:26    15.8   05:15     00.0     00.3    00.0   04.4     22.2    04:47      E 
08    18.9    23.3   14:26    15.9   06:30     00.0     00.6    00.0   04.3     24.1    01:31      E 
09    19.2    23.6   14:41    16.2   04:17     00.0     00.9    10.6   01.6     20.4    14:43     SSE
10    19.1    23.3   14:54    17.3   05:55     00.0     00.8    09.4   01.4     20.4    18:31     SSE
11    19.1    23.8   13:21    16.7   04:48     00.0     00.8    00.0   04.3     20.4    14:49      E 
12    17.9    22.1   14:18    15.2   20:07     00.4     00.0    15.2   05.8     33.3    19:12      E 
13    17.6    20.3   15:44    15.9   02:16     00.7     00.0    17.6   04.4     27.8    08:02     ESE
14    18.4    23.4   15:38    16.2   04:21     00.0     00.1    00.0   05.4     20.4    18:26     ENE
15    18.7    23.4   15:42    16.3   04:44     00.0     00.4    00.0   03.7     20.4    06:24      E 
16    19.2    23.6   16:55    16.7   04:35     00.0     00.9    12.8   02.8     18.5    23:25     ESE
17    18.5    21.6   13:59    16.9   05:45     00.0     00.2    01.2   06.2     31.4    08:53     ENE
18    18.3    20.7   11:07    16.5   05:59     00.0     00.0    08.8   08.7     35.1    07:43     ENE
19    19.0    23.3   14:54    16.4   03:22     00.0     00.7    00.0   04.0     24.1    23:57      E 
20    18.5    21.9   14:58    16.6   06:51     00.0     00.2    00.0   07.2     27.8    07:36      E 
----------------------------------------------------------------------------------------------------------------------------------------------------------
18.4 (19.3)   23.8  day 11     15.2  day 12   003.0    006.0   109.6   04.7     35.2   day 18      E 
Min <=   30: 20
Max Rain: 19.0 ON 1-07-18
Days of Rain: 11 (> .2mm) 8 (> 2mm) 0 (> 20mm)