MONTHLY CLIMATOLOGICAL SUMMARY for JUL. 2017

NAME:    CITY:  STATE: 
ELEV:  LAT:  LONG: 

                            TEMPERATURE ( C), RAIN (mm), WIND SPEED (kmh)

                                               HEAT     COOL           AVG
      MEAN                                     DEG      DEG            WIND                       DOM
DAY   TEMP    HIGH   TIME     LOW    TIME      DAYS     DAYS    RAIN   SPEED    HIGH    TIME      DIR
----------------------------------------------------------------------------------------------------------------------------------------------------------
01    18.9    22.8   14:48    16.7   07:56     00.0     00.6    00.2   04.2     24.1    01:38     ESE
02    17.7    21.9   13:00    16.6   19:13     00.6     00.0    13.6   02.3     29.6    15:15     SSW
03    19.4    23.3   15:13    16.6   05:21     00.0     01.1    00.0   01.5     14.8    12:22     SSE
04    19.5    23.7   14:39    15.8   05:57     00.0     01.2    02.8   02.3     16.6    13:34     SSE
05    18.7    23.3   13:57    16.8   04:19     00.0     00.4    00.4   04.1     24.1    11:42      E 
06    18.5    21.7   13:39    16.9   06:35     00.0     00.2    02.2   02.0     14.8    04:13     ESE
07    19.2    22.6   14:01    16.3   04:20     00.0     00.9    02.0   01.3     16.6    11:03     SSE
08    18.6    20.9   16:19    17.4   06:31     00.0     00.3    09.6   01.4     16.6    11:02      SE
09    19.0    22.3   15:01    17.7   08:21     00.0     00.7    00.6   02.1     18.5    09:17     SSE
10    19.1    22.1   16:58    17.1   05:48     00.0     00.8    01.6   04.5     25.9    10:10      SE
11    19.2    22.3   12:32    17.1   05:11     00.0     00.9    00.0   02.8     18.5    13:52     SSE
12    19.3    24.2   15:44    16.5   01:09     00.0     01.0    00.4   03.5     24.1    18:38     ESE
14    19.1    23.8   14:41    16.2   19:20     00.0     00.8    43.8   02.6     25.9    01:48     ESE
16    18.8    24.1   13:53    16.8   01:25     00.0     00.5    23.2   03.6     22.2    23:52      E 
17    18.1    21.6   12:08    16.3   05:23     00.2     00.0    05.6   06.8     25.9    02:08      E 
18    19.2    22.6   14:30    17.2   06:52     00.0     00.9    04.0   03.4     22.2    03:52     ESE
19    17.3    19.1   10:29    16.2   23:40     01.0     00.0    28.6   02.7     29.6    12:26      SE
20    18.4    22.4   14:43    16.4   00:01     00.0     00.1    01.6   02.4     18.5    17:08     ESE
21    17.3    19.9   14:56    15.9   02:00     01.0     00.0    10.0   02.5     18.5    23:54     SSW
----------------------------------------------------------------------------------------------------------------------------------------------------------
18.7 (19.5)   24.2  day 12     15.8  day 04   002.7    010.3   150.2   03.0     29.6   day 17     ESE
Min <=   30: 19
Max Rain: 43.8 ON 14-07-17
Days of Rain: 17 (> .2mm) 10 (> 2mm) 3 (> 20mm)