MONTHLY CLIMATOLOGICAL SUMMARY for FEB. 2018

NAME:    CITY:  STATE: 
ELEV:  LAT:  LONG: 

                            TEMPERATURE ( C), RAIN (mm), WIND SPEED (kmh)

                                               HEAT     COOL           AVG
      MEAN                                     DEG      DEG            WIND                       DOM
DAY   TEMP    HIGH   TIME     LOW    TIME      DAYS     DAYS    RAIN   SPEED    HIGH    TIME      DIR
----------------------------------------------------------------------------------------------------------------------------------------------------------
01    16.1    20.6   14:07    14.2   05:24     02.2     00.0    00.8   08.3     31.4    06:15      E 
02    16.7    21.8   15:45    12.9   06:45     01.6     00.0    00.0   06.6     25.9    21:03     ENE
03    16.1    20.3   14:26    13.8   07:04     02.2     00.0    00.0   05.7     20.4    20:15     ENE
04    16.3    20.9   11:54    13.1   02:40     02.0     00.0    00.0   06.0     22.2    23:29      E 
05    17.2    22.8   15:26    12.4   05:52     01.1     00.0    00.0   06.7     24.1    01:08     ENE
06    16.7    21.3   15:31    13.8   23:26     01.6     00.0    00.0   09.5     33.3    08:30      E 
07    15.7    20.4   13:26    13.2   04:22     02.6     00.0    00.0   11.3     29.6    22:17     ENE
08    15.4    17.2   14:05    13.6   03:31     02.9     00.0    02.8   10.1     38.9    22:23     ENE
09    16.5    20.7   15:27    14.5   05:36     01.8     00.0    00.0   10.4     35.1    07:35     ENE
10    17.0    21.6   13:58    13.7   07:14     01.3     00.0    00.0   08.1     31.4    06:31      E 
11    16.8    21.2   14:22    14.7   00:00     01.5     00.0    00.0   08.1     31.4    07:33      E 
12    15.6    19.6   12:50    12.7   23:59     02.7     00.0    00.0   08.6     31.4    01:52     ENE
13    15.3    20.5   14:09    11.7   04:27     03.0     00.0    00.0   10.4     33.3    18:58     ENE
14    15.7    20.3   12:39    12.7   03:18     02.6     00.0    00.6   10.1     31.4    18:08     ENE
15    15.7    19.3   13:54    13.6   03:14     02.6     00.0    00.4   06.9     29.6    06:58     ENE
16    16.0    20.1   14:21    13.8   23:59     02.3     00.0    00.0   04.5     18.5    15:38     ENE
17    15.9    21.0   14:52    12.6   03:13     02.4     00.0    00.0   05.9     29.6    03:23     ENE
18    15.7    20.8   14:32    13.1   06:52     02.6     00.0    00.0   09.2     33.3    03:52      E 
19    14.8    18.3   15:52    12.5   06:36     03.5     00.0    00.0   11.6     33.3    06:28     ENE
20    15.6    20.1   16:11    12.4   04:27     02.7     00.0    00.0   11.5     35.1    09:59     ENE
21    15.4    20.2   14:03    12.8   08:04     02.9     00.0    00.0   10.2     31.4    13:05     ENE
23    15.7    21.1   12:41    12.3   06:10     02.6     00.0    00.6   07.4     31.4    00:24     ENE
----------------------------------------------------------------------------------------------------------------------------------------------------------
16.0 (16.8)   22.8  day 05     11.7  day 13   050.9    000.0   005.2   08.5     38.9   day 08     ENE
Min <=   30: 22
Max Rain: 2.8 ON 8-02-18
Days of Rain: 5 (> .2mm) 1 (> 2mm) 0 (> 20mm)