MONTHLY CLIMATOLOGICAL SUMMARY for MAY. 2017

NAME:    CITY:  STATE: 
ELEV:  LAT:  LONG: 

                            TEMPERATURE ( C), RAIN (mm), WIND SPEED (kmh)

                                               HEAT     COOL           AVG
      MEAN                                     DEG      DEG            WIND                       DOM
DAY   TEMP    HIGH   TIME     LOW    TIME      DAYS     DAYS    RAIN   SPEED    HIGH    TIME      DIR
----------------------------------------------------------------------------------------------------------------------------------------------------------
01    18.0    21.7   15:53    16.6   03:50     00.3     00.0    10.8   03.0     25.9    01:26     SSE
02    18.4    21.4   16:43    16.6   00:00     00.0     00.1    00.8   02.4     24.1    22:01      E 
03    18.4    21.7   15:54    16.1   08:04     00.0     00.1    04.2   04.1     29.6    08:26      SE
04    19.2    23.8   14:55    16.9   06:48     00.0     00.9    00.0   03.1     18.5    23:16      E 
05    19.3    22.9   16:02    16.8   07:08     00.0     01.0    00.0   02.9     22.2    03:28      S 
06    20.1    25.3   14:52    17.9   01:49     00.0     01.8    00.0   02.3     18.5    12:47     ENE
07    19.2    23.2   14:54    16.6   06:08     00.0     00.9    00.0   03.5     22.2    06:57     ESE
08    19.7    22.7   14:17    16.3   03:18     00.0     01.4    00.0   02.4     18.5    01:42     SSW
09    20.4    25.4   16:40    16.7   05:10     00.0     02.1    00.4   01.9     18.5    15:18     SSE
10    20.0    23.7   12:02    16.2   22:00     00.0     01.7    37.8   02.4     31.4    18:38      E 
11    19.0    22.7   13:34    17.2   03:32     00.0     00.7    01.2   02.6     18.5    20:23     ESE
12    19.1    22.9   11:24    17.5   06:22     00.0     00.8    11.0   03.3     18.5    19:47      NE
13    19.8    23.4   15:22    16.9   03:34     00.0     01.5    00.0   04.1     20.4    12:42     ENE
14    19.8    24.1   15:27    17.8   07:33     00.0     01.5    09.6   04.7     24.1    02:50      E 
15    19.2    23.6   14:12    17.9   04:52     00.0     00.9    02.8   04.2     29.6    11:20      E 
16    18.1    18.9   16:02    17.4   06:09     00.2     00.0    11.4   04.2     25.9    05:29      SE
17    19.5    23.0   15:15    17.2   05:35     00.0     01.2    00.0   03.0     18.5    03:14     ESE
18    19.1    23.3   14:02    16.4   07:10     00.0     00.8    00.0   04.7     25.9    23:13      E 
19    18.0    20.1   15:44    16.9   01:45     00.3     00.0    08.2   06.7     29.6    01:10     ENE
20    18.9    23.7   14:32    16.6   05:15     00.0     00.6    00.0   05.1     31.4    07:30     ENE
21    18.4    20.4   16:58    16.7   05:53     00.0     00.1    05.4   06.5     27.8    06:35     ENE
22    19.1    22.2   15:36    16.6   04:26     00.0     00.8    00.0   05.5     27.8    07:10     ENE
23    19.1    22.2   14:13    17.2   02:32     00.0     00.8    04.8   04.6     20.4    23:09      E 
24    18.3    22.4   16:27    15.9   06:13     00.0     00.0    15.2   05.8     31.4    17:17     ESE
25    19.8    23.8   11:58    16.4   06:06     00.0     01.5    00.0   04.1     24.1    05:58     ESE
26    19.4    24.2   14:58    16.0   06:35     00.0     01.1    00.0   03.5     18.5    16:18      E 
27    19.5    23.7   13:36    16.2   06:03     00.0     01.2    00.0   02.2     16.6    22:16      SE
----------------------------------------------------------------------------------------------------------------------------------------------------------
19.1 (19.8)   25.4  day 09     15.9  day 24   000.8    023.4   123.6   03.8     31.5   day 19      E 
Min <=   30: 27
Max Rain: 37.8 ON 10-05-17
Days of Rain: 14 (> .2mm) 11 (> 2mm) 1 (> 20mm)