MONTHLY CLIMATOLOGICAL SUMMARY for NOV. 2017

NAME:    CITY:  STATE: 
ELEV:  LAT:  LONG: 

                            TEMPERATURE ( C), RAIN (mm), WIND SPEED (kmh)

                                               HEAT     COOL           AVG
      MEAN                                     DEG      DEG            WIND                       DOM
DAY   TEMP    HIGH   TIME     LOW    TIME      DAYS     DAYS    RAIN   SPEED    HIGH    TIME      DIR
----------------------------------------------------------------------------------------------------------------------------------------------------------
01    18.0    22.0   13:36    15.6   23:58     00.3     00.0    00.0   06.5     35.1    02:27      E 
02    18.1    23.1   14:14    14.4   05:13     00.2     00.0    00.0   05.4     29.6    00:37     ENE
03    19.3    23.2   15:30    14.8   06:16     00.0     01.0    00.4   02.9     18.5    20:33      E 
04    19.0    22.7   12:37    16.3   06:55     00.0     00.7    00.0   03.5     20.4    03:57     ESE
05    18.4    21.7   12:21    16.7   05:45     00.0     00.1    01.6   04.7     20.4    11:41      E 
06    19.1    22.8   14:06    17.3   05:40     00.0     00.8    01.4   04.2     18.5    20:45      SE
07    18.8    22.9   12:29    16.2   05:54     00.0     00.5    11.8   03.3     18.5    02:21     SSE
08    18.9    22.8   14:44    17.3   05:02     00.0     00.6    00.4   02.2     22.2    14:33      SE
09    19.1    22.6   14:30    16.4   04:38     00.0     00.8    00.0   03.6     20.4    01:41     ESE
10    18.9    23.1   15:09    16.7   05:23     00.0     00.6    00.0   03.6     16.6    21:24      E 
11    18.7    22.1   09:48    16.0   03:53     00.0     00.4    00.0   02.7     18.5    08:09      E 
12    19.1    23.8   14:50    16.8   05:07     00.0     00.8    00.0   03.6     18.5    14:12     ESE
13    19.4    24.7   15:03    16.3   02:41     00.0     01.1    00.0   02.6     18.5    13:46      SE
14    19.7    23.1   14:21    17.1   06:11     00.0     01.4    00.2   02.5     20.4    15:20      S 
15    19.9    24.3   14:13    17.4   06:41     00.0     01.6    00.0   01.2     18.5    13:46      S 
16    19.4    22.8   09:49    17.1   05:47     00.0     01.1    19.6   03.7     20.4    01:34      E 
17    19.7    23.9   13:53    17.2   03:34     00.0     01.4    00.0   02.3     22.2    15:19      SE
18    20.5    25.4   15:32    17.5   06:41     00.0     02.2    00.0   01.9     20.4    16:12     ESE
20    20.2    24.7   12:32    16.9   06:11     00.0     01.9    00.0   03.6     18.5    08:19      E 
21    19.5    24.1   16:00    16.4   06:29     00.0     01.2    00.0   04.2     18.5    19:51      E 
22    19.9    24.3   14:42    17.4   02:11     00.0     01.6    00.8   02.8     16.6    18:50      E 
----------------------------------------------------------------------------------------------------------------------------------------------------------
19.2 (19.9)   25.4  day 18     14.4  day 02   000.4    019.8   036.2   03.4     35.2   day 01     ESE
Min <=   30: 21
Max Rain: 19.6 ON 16-11-17
Days of Rain: 8 (> .2mm) 2 (> 2mm) 0 (> 20mm)