MONTHLY CLIMATOLOGICAL SUMMARY for FEB. 2017

NAME:    CITY:  STATE: 
ELEV:  LAT:  LONG: 

                            TEMPERATURE ( C), RAIN (mm), WIND SPEED (kmh)

                                               HEAT     COOL           AVG
      MEAN                                     DEG      DEG            WIND                       DOM
DAY   TEMP    HIGH   TIME     LOW    TIME      DAYS     DAYS    RAIN   SPEED    HIGH    TIME      DIR
----------------------------------------------------------------------------------------------------------------------------------------------------------
01    16.4    20.7   13:27    13.6   02:55     01.9     00.0    00.2   06.7     24.1    10:01      E 
02    17.7    22.2   16:25    13.9   07:02     00.6     00.0    00.0   05.5     22.2    20:39      E 
03    16.7    19.6   15:33    14.9   08:51     01.6     00.0    17.6   07.0     33.3    08:48      E 
04    17.5    22.3   13:27    15.4   03:53     00.8     00.0    00.0   07.7     27.8    09:20     ENE
05    17.6    20.8   15:24    15.6   07:26     00.7     00.0    00.0   07.1     29.6    11:01     ENE
06    17.3    21.9   15:19    14.6   05:48     01.0     00.0    00.0   06.7     25.9    12:44      E 
07    17.8    21.9   13:36    15.5   05:06     00.5     00.0    00.6   04.5     20.4    23:43      E 
08    17.4    23.7   16:58    14.8   05:47     00.9     00.0    00.0   06.2     29.6    06:39     ESE
09    17.6    21.6   14:42    15.5   04:48     00.7     00.0    03.6   05.8     27.8    03:58     ESE
10    16.1    19.4   15:42    14.2   23:32     02.2     00.0    00.0   06.3     22.2    19:51     ENE
11    15.8    19.8   14:29    13.6   02:18     02.5     00.0    00.2   09.4     31.4    10:53      E 
12    16.1    20.7   12:31    14.0   06:25     02.2     00.0    00.0   09.4     33.3    08:21     ENE
13    16.3    20.6   10:13    13.3   03:00     02.0     00.0    00.0   07.7     25.9    22:19     ENE
14    16.2    20.9   14:28    12.7   07:28     02.1     00.0    00.0   04.9     20.4    04:59      E 
15    15.9    21.1   14:39    12.2   06:33     02.4     00.0    00.0   04.4     20.4    08:11     ESE
16    17.5    21.6   16:55    13.3   02:43     00.8     00.0    00.0   05.1     25.9    19:55      E 
17    17.1    21.4   14:45    13.3   05:48     01.2     00.0    00.0   08.4     37.0    22:05      NE
18    16.8    22.3   14:14    12.7   07:13     01.5     00.0    00.0   08.2     37.0    03:21     ENE
19    16.9    22.7   16:02    13.4   07:12     01.4     00.0    00.0   05.5     22.2    19:58     ENE
20    16.3    20.4   17:00    13.7   05:34     02.0     00.0    00.0   04.9     22.2    06:42     SSE
21    18.6    24.3   14:47    15.1   07:28     00.0     00.3    00.0   07.5     31.4    23:56     NNE
22    18.4    24.3   12:21    14.7   23:59     00.0     00.1    00.0   08.9     40.7    00:57     NNE
23    18.9    23.7   15:14    14.7   00:05     00.0     00.6    00.0   04.5     24.1    02:34     ENE
24    18.4    23.6   11:13    16.4   07:22     00.0     00.1    00.0   01.9     16.6    11:19     ESE
----------------------------------------------------------------------------------------------------------------------------------------------------------
17.1 (18.0)   24.3  day 22     12.2  day 15   029.2    001.1   022.2   06.4     40.7   day 17     ENE
Min <=   30: 24
Max Rain: 17.6 ON 3-02-17
Days of Rain: 5 (> .2mm) 2 (> 2mm) 0 (> 20mm)