MONTHLY CLIMATOLOGICAL SUMMARY for APR. 2017

NAME:    CITY:  STATE: 
ELEV:  LAT:  LONG: 

                            TEMPERATURE ( C), RAIN (mm), WIND SPEED (kmh)

                                               HEAT     COOL           AVG
      MEAN                                     DEG      DEG            WIND                       DOM
DAY   TEMP    HIGH   TIME     LOW    TIME      DAYS     DAYS    RAIN   SPEED    HIGH    TIME      DIR
----------------------------------------------------------------------------------------------------------------------------------------------------------
01    19.7    26.1   15:30    15.7   04:02     00.0     01.4    00.0   04.9     24.1    06:14     ESE
02    19.9    24.8   14:52    16.8   04:22     00.0     01.6    00.0   05.0     22.2    13:15      E 
03    20.0    25.5   14:29    16.2   06:38     00.0     01.7    00.0   05.8     22.2    04:48      E 
04    19.0    24.9   14:53    15.7   06:50     00.0     00.7    00.0   08.4     31.4    04:27     ESE
05    18.7    23.7   15:08    15.2   06:56     00.0     00.4    00.0   07.3     27.8    08:03     ESE
06    18.8    25.1   15:08    15.8   07:17     00.0     00.5    00.0   04.2     20.4    00:28      E 
07    18.4    23.5   13:58    15.4   06:17     00.0     00.1    00.0   04.5     20.4    20:01      E 
08    18.6    23.7   14:58    15.4   05:06     00.0     00.3    00.0   05.2     20.4    03:35      E 
09    19.0    25.4   15:14    14.6   04:36     00.0     00.7    00.0   05.6     22.2    21:03     ENE
10    18.3    22.7   14:20    15.2   07:02     00.0     00.0    00.0   05.0     27.8    04:09     ESE
11    19.6    25.2   14:50    15.4   07:14     00.0     01.3    00.0   04.2     20.4    13:08      E 
12    20.8    26.0   14:18    17.1   06:10     00.0     02.5    00.0   03.2     22.2    12:50     ESE
13    17.7    19.6   00:01    16.2   04:45     00.6     00.0    12.2   01.6     20.4    15:09      SE
14    17.7    18.7   23:41    14.3   19:04     00.6     00.0    17.8   02.2     22.2    09:34      SE
15    19.9    23.9   14:49    17.8   05:46     00.0     01.6    07.2   02.7     22.2    20:01     ESE
16    19.3    22.8   13:05    17.1   09:24     00.0     01.0    25.8   04.1     29.6    03:57     ESE
17    19.6    24.1   14:53    17.3   02:05     00.0     01.3    00.0   02.7     18.5    20:46      SE
18    20.5    24.9   15:00    17.1   06:01     00.0     02.2    00.0   03.4     22.2    02:39      SE
19    20.6    26.1   14:15    17.1   02:40     00.0     02.3    00.0   03.3     18.5    12:37      E 
20    19.8    23.9   13:22    16.8   04:52     00.0     01.5    00.0   02.4     16.6    13:18     ESE
21    19.5    24.1   13:14    17.4   07:08     00.0     01.2    09.2   01.3     18.5    15:11      SE
22    19.8    24.2   14:44    16.7   05:19     00.0     01.5    00.6   01.6     16.6    04:42      SE
23    20.1    24.2   14:58    17.9   04:25     00.0     01.8    00.0   01.7     18.5    10:27     SSW
24    20.6    24.7   15:42    18.6   06:11     00.0     02.3    00.0   01.3     18.5    15:19      S 
25    21.3    25.9   15:24    18.4   05:47     00.0     03.0    00.0   02.8     16.6    22:08     ESE
26    21.6    27.3   14:53    16.9   04:34     00.0     03.3    00.0   02.6     18.5    16:55     ESE
----------------------------------------------------------------------------------------------------------------------------------------------------------
19.6 (20.4)   27.3  day 26     14.3  day 14   001.2    034.3   072.8   03.7     31.5   day 16     ESE
Min <=   30: 26
Max Rain: 25.8 ON 16-04-17
Days of Rain: 6 (> .2mm) 5 (> 2mm) 1 (> 20mm)