MONTHLY CLIMATOLOGICAL SUMMARY for SEP. 2017

NAME:    CITY:  STATE: 
ELEV:  LAT:  LONG: 

                            TEMPERATURE ( C), RAIN (mm), WIND SPEED (kmh)

                                               HEAT     COOL           AVG
      MEAN                                     DEG      DEG            WIND                       DOM
DAY   TEMP    HIGH   TIME     LOW    TIME      DAYS     DAYS    RAIN   SPEED    HIGH    TIME      DIR
----------------------------------------------------------------------------------------------------------------------------------------------------------
02    20.2    24.7   13:25    16.8   05:42     00.0     01.9    00.0   02.0     18.5    20:01      S 
03    20.4    24.2   15:36    17.7   03:14     00.0     02.1    00.0   01.5     18.5    15:50     WSW
04    20.2    25.3   12:22    17.3   03:04     00.0     01.9    04.0   02.8     18.5    12:02      W 
05    20.9    25.9   13:43    18.2   05:59     00.0     02.6    05.0   02.6     31.4    14:44     WSW
06    20.2    25.3   13:24    18.1   05:52     00.0     01.9    00.0   04.7     27.8    08:46      SW
07    20.1    24.1   14:32    17.8   21:00     00.0     01.8    10.4   04.1     18.5    17:13      S 
08    19.6    23.7   13:36    16.6   21:42     00.0     01.3    13.2   02.0     18.5    21:16     SSW
09    19.3    23.6   12:02    17.4   07:06     00.0     01.0    10.4   02.5     18.5    14:08      S 
10    20.9    25.3   16:06    17.7   01:09     00.0     02.6    00.0   01.9     18.5    13:27     ENE
11    19.8    25.0   09:26    17.3   23:49     00.0     01.5    17.2   06.6     31.4    21:29      SE
12    19.8    23.8   15:05    17.1   02:17     00.0     01.5    09.4   02.8     22.2    07:53      S 
13    18.0    19.2   00:11    16.3   19:09     00.3     00.0    17.0   02.5     22.2    12:00      SW
14    19.7    22.6   14:44    17.3   23:58     00.0     01.4    00.0   01.6     18.5    12:03      S 
15    19.9    24.6   13:38    16.8   04:29     00.0     01.6    00.0   02.3     20.4    12:42      SE
16    20.0    24.2   14:46    17.7   07:12     00.0     01.7    00.0   02.4     18.5    14:54      SE
17    20.2    23.4   14:31    17.7   07:07     00.0     01.9    00.0   02.2     16.6    09:22     SSW
18    20.8    25.3   14:58    17.9   04:14     00.0     02.5    00.6   02.7     18.5    13:49      W 
19    20.4    24.8   13:01    17.7   06:24     00.0     02.1    00.0   04.1     22.2    15:41      SW
----------------------------------------------------------------------------------------------------------------------------------------------------------
20.0 (20.8)   25.9  day 05     16.3  day 13   000.3    031.4   088.0   02.9     31.5   day 11     SSW
Min <=   30: 18
Max Rain: 17.2 ON 11-09-17
Days of Rain: 9 (> .2mm) 8 (> 2mm) 0 (> 20mm)